f 110105?
0
What is the tens digit of 43719?
1
What is the ten thousands digit of 25226?
2
What is the units digit of 28427?
7
What is the ten thousands digit of 12340?
1
What is the hundreds digit of 715?
7
What is the tens digit of 3169?
6
What is the thousands digit of 45165?
5
What is the tens digit of 5853?
5
What is the hundreds digit of 832?
8
What is the hundreds digit of 103280?
2
What is the hundreds digit of 239?
2
What is the hundreds digit of 3398?
3
What is the hundred thousands digit of 185654?
1
What is the units digit of 67370?
0
What is the tens digit of 5241?
4
What is the hundreds digit of 560?
5
What is the units digit of 2840?
0
What is the thousands digit of 70634?
0
What is the tens digit of 25080?
8
What is the thousands digit of 4605?
4
What is the units digit of 23?
3
What is the thousands digit of 11870?
1
What is the hundreds digit of 1076?
0
What is the thousands digit of 8266?
8
What is the tens digit of 799?
9
What is the units digit of 1528?
8
What is the units digit of 533?
3
What is the ten thousands digit of 12282?
1
What is the units digit of 1270?
0
What is the units digit of 16163?
3
What is the units digit of 4195?
5
What is the tens digit of 61?
6
What is the units digit of 3064?
4
What is the tens digit of 7363?
6
What is the thousands digit of 75063?
5
What is the hundreds digit of 9826?
8
What is the ten thousands digit of 50817?
5
What is the thousands digit of 15854?
5
What is the hundreds digit of 9092?
0
What is the tens digit of 3377?
7
What is the thousands digit of 14520?
4
What is the units digit of 2263?
3
What is the thousands digit of 6965?
6
What is the units digit of 684?
4
What is the hundreds digit of 832?
8
What is the thousands digit of 4902?
4
What is the ten thousands digit of 10026?
1
What is the units digit of 77785?
5
What is the units digit of 19693?
3
What is the ten thousands digit of 18740?
1
What is the units digit of 1273?
3
What is the units digit of 35471?
1
What is the tens digit of 2745?
4
What is the hundreds digit of 3662?
6
What is the hundreds digit of 2139?
1
What is the hundreds digit of 95734?
7
What is the units digit of 1722?
2
What is the thousands digit of 28244?
8
What is the hundreds digit of 3839?
8
What is the hundreds digit of 4679?
6
What is the units digit of 80?
0
What is the thousands digit of 5344?
5
What is the hundreds digit of 3041?
0
What is the hundreds digit of 2427?
4
What is the thousands digit of 3999?
3
What is the hundreds digit of 102727?
7
What is the hundreds digit of 2578?
5
What is the ten thousands digit of 42335?
4
What is the units digit of 6804?
4
What is the tens digit of 1664?
6
What is the tens digit of 6875?
7
What is the units digit of 32105?
5
What is the units digit of 773?
3
What is the tens digit of 12731?
3
What is the ten thousands digit of 56678?
5
What is the hundreds digit of 511?
5
What is the ten thousands digit of 10342?
1
What is the tens digit of 883?
8
What is the tens digit of 1699?
9
What is the tens digit of 41292?
9
What is the units digit of 2546?
6
What is the tens digit of 284?
8
What is the tens digit of 3931?
3
What is the hundreds digit of 7291?
2
What is the thousands digit of 9359?
9
What is the ten thousands digit of 74515?
7
What is the thousands digit of 1329?
1
What is the ten thousands digit of 54285?
5
What is the tens digit of 16046?
4
What is the thousands digit of 15215?
5
What is the ten thousands digit of 113891?
1
What is the tens digit of 353?
5
What is the units digit of 433?
3
What is the ten thousands digit of 72408?
7
What is the tens digit of 50?
5
What is the tens digit of 1410?
1
What is the thousands digit of 1732?
1
What is the tens digit of 2315?
1
What is the tens digit of 39796?
9
What is the tens digit of 930?
3
What is the thousands digit of 6727?
6
What is the units digit of 207?
7
What is the tens digit of 711?
1
What is the units digit of 4101?
1
What is the units digit of 6543?
3
What is the units digit of 315?
5
What is the tens digit of 6750?
5
What is the tens digit of 9978?
7
What is the tens digit of 25545?
4
What is the thousands digit of 20147?
0
What is the units digit of 10882?
2
What is the hundreds digit of 41780?
7
What is the units digit of 16729?
9
What is the thousands digit of 1428?
1
What is the hundreds digit of 2133?
1
What is the units digit of 50361?
1
What is the ten thousands digit of 19549?
1
What is the tens digit of 2068?
6
What is the units digit of 13086?
6
What is the thousands digit of 3020?
3
What is the units digit of 1016?
6
What is the units digit of 68550?
0
What is the hundreds digit of 21813?
8
What is the hundreds digit of 35494?
4
What is the units digit of 1126?
6
What is the tens digit of 11899?
9
What is the units digit of 3022?
2
What is the units digit of 1282?
2
What is the thousands digit of 57824?
7
What is the units digit of 1111?
1
What is the thousands digit of 1904?
1
What is the hundreds digit of 2156?
1
What is the tens digit of 784?
8
What is the thousands digit of 33546?
3
What is the tens digit of 20842?
4
What is the tens digit of 24247?
4
What is the units digit of 3258?
8
What is the hundreds digit of 2508?
5
What is the hundreds digit of 2461?
4
What is the units digit of 538?
8
What is the hundreds digit of 110509?
5
What is the hundreds digit of 785?
7
What is the hundreds digit of 47272?
2
What is the ten thousands digit of 18030?
1
What is the ten thousands digit of 35942?
3
What is the tens digit of 7364?
6
What is the ten thousands digit of 11128?
1
What is the hundreds digit of 77141?
1
What is the ten thousands digit of 14037?
1
What is the tens digit of 810?
1
What is the units digit of 86457?
7
What is the hundreds digit of 68629?
6
What is the hundreds digit of 891?
8
What is the thousands digit of 3721?
3
What is the thousands digit of 7321?
7
What is the thousands digit of 1027?
1
What is the hundreds digit of 1352?
3
What is the hundreds digit of 294?
2
What is the thousands digit of 4743?
4
What is the tens digit of 16867?
6
What is the hundreds digit of 75434?
4
What is the hundreds digit of 2232?
2
What is the units digit of 2632?
2
What is the thousands digit of 2768?
2
What is the tens digit of 151?
5
What is the tens digit of 51082?
8
What is the hundreds digit of 8862?
8
What is the tens digit of 3963?
6
What is the units digit of 1056?
6
What is the hundreds digit of 733?
7
What is the ten thousands digit of 30754?
3
What is the thousands digit of 2161?
2
What is the units digit of 1773?
3
What is the hundreds digit of 74949?
9
What is the thousands digit of 9743?
9
What is the units digit of 450?
0
What is the units digit of 10282?
2
What is the thousands digit of 24057?
4
What is the tens digit of 738?
3
What is the hundreds digit of 10210?
2
What is the units digit of 7527?
7
What is the hundreds digit of 1930?
9
What is the units digit of 23273?
3
What is the tens digit of 7561?
6
What is the hundred thousands digit of 139672?
1
What is the units digit of 842?
2
What is the thousands digit of 5979?
5
What is the thousands digit of 17268?
7
What is the units digit of 46811?
1
What is the units digit of 16328?
8
What is the units digit of 177775?
5
What is the hundreds digit of 258?
2
What is the thousands digit of 14797?
4
What is the thousands digit of 5837?
5
What is the units digit of 177833?
3
What is the thousands digit of 2359?
2
What is the tens digit of 26049?
4
What is the thousands digit of 2162?
2
What is the tens digit of 2340?
4
What is the ten thousands digit of 26720?
2
What is the ten thousands digit of 19485?
1
What is the tens digit of 16675?
7
What is the ten thousands digit of 45855?
4
What is the units digit of 302?
2
What is the hundreds digit of 8218?
2
What is the units digit of 1843?
3
What is the hundreds digit of 1194?
1
What is the ten thousands digit of 19043?
1
What is the units digit of 2655?
5
What is the units digit of 6644?
4
What is the tens digit of 62247?
4
What is the hundreds digit of 868?
8
What is the units digit of 1036?
6
What is the tens digit of 1030?
3
What is the thousands digit of 3558?
3
What is the tens digit of 62?
6
What is the units digit of 896?
6
What is the units digit of 3673?
3
What is the tens digit of 6563?
6
What is th